git of s(38)?
2
Let b = -614 - -612. What is the hundreds digit of b/(-15) + 37190/75?
4
Let l = -194 - 68. Let v = l - -137. Let m = v - -214. What is the units digit of m?
9
What is the hundreds digit of (-424)/(-2756) + 792452/13?
9
Let r(h) = -h**2 - 6*h - 6. Suppose -5*o = -12*o - 21. Let s be r(o). Let f(n) = 6*n**3 + n**2 + 3*n + 5. What is the hundreds digit of f(s)?
1
Suppose 0 = 149*m - 32*m - 5960799. What is the thousands digit of m?
0
Let p(o) = 180*o - 33. Let u be p(14). Suppose -u = -3*j - 63. Suppose -6*w - 220 = -j. What is the units digit of w?
8
Suppose 9*x - 4*x + 747 = -3*k, -x - 4*k - 146 = 0. Let h be x/(-14) + -2 - (-6)/21. What is the tens digit of (-11)/(-3) + -3 + 867/h?
9
Let r(q) be the second derivative of 19*q**5/10 + 5*q**4/12 - 2*q**3/3 - 3*q**2 + 72*q + 2. What is the tens digit of r(3)?
5
Let s be (0 - -22) + -3 + 1. Suppose 0 = 4*f + 5*g - 178, -4*g - 151 = -5*f + 92. Let u = f + s. What is the tens digit of u?
6
Let k = 3490 - 3685. Let o = -6 - -16. What is the units digit of k/o*(-56)/6?
2
Suppose 0*c + c - 4*c = 0. Let k(m) = -4*m + 1249. What is the tens digit of k(c)?
4
Let f = 35 + -32. What is the units digit of (-7)/((-7)/f) + (178 - 4)?
7
Suppose -9*m + 20 = 119. What is the tens digit of -2*m/(-44) - 1582/(-4)?
9
Suppose 2*c + 3*c - 32640 = t, 26112 = 4*c + 10*t. What is the hundreds digit of c?
5
Suppose -4*b + 74737 = 3*v, -23*v + 4*b = -27*v + 99656. What is the hundreds digit of v?
9
Let z(m) = m**2 - 28*m + 49. Let t be z(27). Suppose -18 = -t*y + 13*y. Suppose 2*d - 316 = -4*j + y*j, 3*d = -4*j + 637. What is the hundreds digit of j?
1
Suppose 11*v - 8*v - 5*u = 58, v - 6 = -u. Let j = 4 - 1. Suppose 4*x - w = v + 13, 2*x - j*w - 2 = 0. What is the units digit of x?
7
Let g be ((-3498)/99)/((-1)/(-3)). Let z(f) = -57*f - 1. Let u be z(3). Let d = g - u. What is the units digit of d?
6
Let m = 560 - -11710. What is the thousands digit of m?
2
What is the ten thousands digit of (869 - 29899)*(4/(-10) + 0)?
1
Let q = -269 - -153. Suppose 0 = -3*r + 5*g - 824, 3*r + 59*g = 56*g - 888. Let l = q - r. What is the hundreds digit of l?
1
Let t(f) = -67*f**3 + 8*f**2 - 23*f - 157. What is the units digit of t(-5)?
3
Let k be (2*(-1)/2)/(1/77). Let i be (k/(-14) + -7)/(2/(-12)). Suppose i*x - 2055 + 525 = 0. What is the units digit of x?
0
Let a(x) = -30*x + 0*x - 46*x - 16 + 8*x. Let k(s) = -67*s - 15. Let u(i) = -4*a(i) + 5*k(i). What is the hundreds digit of u(-2)?
1
What is the tens digit of 2 + 17 + 4 + 20112?
3
Suppose -27*g + 268403 = -141538. What is the ten thousands digit of g?
1
What is the thousands digit of 24594/9 + (-245)/147?
2
Suppose -3*z - 5*u + 12389 = 0, 6021 = 3*z + 2*u - 6374. What is the units digit of z?
3
Let c = -14504 - -15290. What is the hundreds digit of c?
7
Let y be ((-9)/(-4))/(-8 + (-1250)/(-160)). Let j(v) = 3*v**2 - 4*v - 28. What is the hundreds digit of j(y)?
4
Suppose -2*l + 1228 = -5*y, -3*y = -6*y. What is the units digit of l?
4
Suppose 16 = 5*z - 2*w, 0*z - 3*z + 18 = -4*w. Suppose 4*h - 311 + 31 = 0. Suppose -n = 3*i - h, z*i - 4 = -2*i. What is the units digit of n?
7
Let y(d) = -2 + 11*d + 15*d + 6*d**2 - 2*d**2. Let s(g) = -g**3 + 5*g**2 - 15*g + 19. Let t be s(3). What is the units digit of y(t)?
6
Suppose 20*s - 1008 + 188 = 0. Suppose -3*n - 2*n + s = 2*b, 8 = -4*b. What is the units digit of n?
9
Let t = 748 - -1012. Let u be (-4)/18 + t/(-180). Let q = u + 43. What is the units digit of q?
3
Suppose t + 0 = 5. Suppose -t*p + 334 = -1101. What is the units digit of p?
7
Let q(z) = -344*z - 2. Let a be q(-3). Let o = a - 546. Let t = o + -344. What is the hundreds digit of t?
1
Suppose -59 - 3 = -2*c. Suppose -c*q + 33*q = 476. What is the units digit of q?
8
Let q = 174 - 171. Suppose 5*i = -q*k + 3150, i + 2*k + 1276 = 3*i. What is the hundreds digit of i?
6
Let l(w) = -2*w - 8. Let a be l(-5). Suppose 4*x = -5*n + 125, -n = 3*n - a*x - 74. Let r(f) = 2*f**2 - 38*f - 1. What is the tens digit of r(n)?
8
Suppose 20*l - 10186 = 9*l. Suppose 2*c + 4*m + 453 = 3*c, -l = -2*c + 3*m. What is the hundreds digit of c?
4
Let h(l) = l**3 + 5*l**2 + 5*l + 4. Let m be h(-4). Suppose -3*c = -u - 1565, m*u - 519 = -c - u. What is the hundreds digit of c?
5
Let y(s) be the first derivative of s**4/4 + 11*s**3/3 - 5*s**2 + 28*s - 16. Let g be y(-12). What is the tens digit of 1892/12 + g/12?
5
Let l be (-16 + 18 + -1*3)/1. What is the tens digit of (8 - 6)/(l/(-332))?
6
Let v(o) be the third derivative of 2*o**5/15 - 7*o**4/6 + 67*o**3/3 - 5*o**2 + 3. What is the tens digit of v(15)?
1
Suppose 3*i - 3*f - 52965 = 44814, 32608 = i + 2*f. What is the thousands digit of i?
2
Let s = -43258 - -69359. What is the units digit of s?
1
Let w = 18816 - 11400. What is the tens digit of w?
1
Let t(j) = -4712*j - 98. What is the thousands digit of t(-2)?
9
Suppose -2*b - b + 15 = 0. Suppose -5 = -b*m - 5*l, -2*m + 3*l + 2 = -l. What is the units digit of (2 + -3)/(m/(-6))?
6
Suppose -20720 = -38*g + 127708. What is the hundreds digit of g?
9
Let s be 0 + 0 - (-6 - -4 - -2). Let k(h) = -h**3 - h**2 + h + 27. Let b be k(s). Suppose b - 120 = -z - 2*v, 4*z - v = 336. What is the units digit of z?
5
Let h(y) = 5419*y - 1600. What is the units digit of h(5)?
5
Let p = 12057 - 6964. What is the hundreds digit of p?
0
Let r(j) = -j**3 - 11*j**2 - 11*j + 14. Let m be r(6). Let p = m - -1244. What is the hundreds digit of p?
5
Let j(w) = 150*w - 77. Let x be ((-12)/9 + -2)*(-30)/20. What is the hundreds digit of j(x)?
6
Let s(k) be the second derivative of k**4/12 - k**3/6 - k**2/2 + 18*k. Let d be s(-1). What is the tens digit of (-4)/(d*4/(-36))?
3
Suppose -2*t - 5*r - 2101 = -5*t, 5*t - 3475 = 3*r. Suppose t = 7*q - 3*q. What is the tens digit of q?
7
Let h be 3/15 + (-1)/((-20)/76). Suppose -s - h*c + 1 = 0, 0 = 5*s - 3*c + 10 + 8. Let m = s - -106. What is the tens digit of m?
0
Let k be (5 - -8)/13 - (-6 - -1). Suppose 2968 + 776 = k*q. What is the tens digit of q?
2
Suppose -30 = 6*l - 12*l. Suppose 6*a = l*a + 162. Suppose -3*m - 18 = c - a, -4*m = 2*c - 192. What is the units digit of m?
8
Suppose 0 = 9*n + 5*n. Suppose -4*v + 11 + 17 = n. What is the units digit of v?
7
Suppose 2*k + 0 = 8. Suppose -k*m - 4*i - 144 = 0, -4*i - 145 = 4*m + i. Let j = m - -39. What is the units digit of j?
4
Let t = 15968 + -10455. What is the tens digit of t?
1
Suppose 2727*y - 2721*y = 46818. What is the hundreds digit of y?
8
Let g = -31147 - -78968. What is the thousands digit of g?
7
Suppose 3*m - 3*y = 23112, 5*m + 36*y - 31*y = 38540. What is the thousands digit of m?
7
Let a = 2539 + -1084. What is the tens digit of a?
5
Suppose 3*f + 50 = 59. What is the tens digit of ((-631)/f + 1)*12/(-8)?
1
Let p be (-4)/(-9) - (-272068)/612. Suppose 4*b = 6*b - 4*l - 44, -3*b + 5*l + 61 = 0. Suppose 0 = b*m - 17*m + p. What is the units digit of m?
9
Let i be 14/(4 - 141/36). Let b be -10*13/((-260)/i). What is the tens digit of (488/3)/2 - 28/b?
8
Suppose 0 = 3*f - 3*f + 20*f. Suppose -t + 420 = -a - 240, f = a + 4. What is the tens digit of t?
5
Suppose -6*y + 37455 = -y - 6*j, 5*j - 7460 = -y. What is the hundreds digit of y?
4
Let t(f) = 97*f - 204. Let u be t(25). Let k = -1237 + u. What is the hundreds digit of k?
9
Let w(k) = -5*k**3 - 3*k - 1. Let l = 124 - 127. Let b be w(l). Suppose 5*m - b - 1047 = 0. What is the hundreds digit of m?
2
Suppose -64834 = -8*m + 52798. What is the units digit of m?
4
What is the thousands digit of 220/(-22) + 6 + 70797?
0
Let z(n) = 10*n + 220. Let t be z(0). Let s = -221 - -118. Let x = s + t. What is the hundreds digit of x?
1
Let r(u) be the first derivative of 11*u - 2 - 3/2*u**2. What is the tens digit of r(-7)?
3
Suppose -7 = 3*b - 2*k, -3*b = 5*k - 1 - 27. Let z be 173 + -1 + 3 + b. Suppose 0 = -47*g + 46*g + z. What is the tens digit of g?
7
Let p = -83666 - -134514. What is the units digit of p?
8
Let s = 571 - 569. Suppose -2*j + 4*d + 977 - 189 = 0, 773 = s*j - d. What is the units digit of j?
4
Suppose 25*x - 104 = -104. Suppose u - 3*d - 1276 = x, d + 1125 = 2*u - 1442. What is the tens digit of u?
8
Suppose -108 - 70 = -22*s - 46. Let j = 0 + 4. What is the units digit of ((-4 - s) + j)*-10?
0
Suppose 4*x - 101 = 107. Let u = 233 + x. Su